{"id":9,"date":"2017-09-08T11:48:08","date_gmt":"2017-09-08T15:48:08","guid":{"rendered":"http:\/\/pmi-del.cebem.org\/?page_id=9"},"modified":"2017-09-28T10:35:29","modified_gmt":"2017-09-28T14:35:29","slug":"nosotros","status":"publish","type":"page","link":"https:\/\/pmi-del.cebem.org\/?page_id=9","title":{"rendered":"Nosotros"},"content":{"rendered":"<p>Un conjunto de instituciones, como contraparte en Bolivia de la Federaci\u00f3n Canadiense de Municipalidades (FCM), colaboran al fomento de la\u00a0\u201cprosperidad econ\u00f3mica\u201d en el \u00e1mbito local y al continuo fortalecimiento de las capacidades del Sistema Asociativo Municipal (SAM).<\/p>\n<p>Conforman el el PMI &#8211; DEL la Federaci\u00f3n de Asociaciones Departamentales de Bolivia (FAM) y las Asociaciones Departamentales (asociaciones de gobiernos locales &#8211; AGL), la Asociaci\u00f3n de Municipios de Bolivia &#8211; AMB) y la Asociaci\u00f3n de Concejalas de Bolivia (ACOBOL) para dirigir el desarrollo econ\u00f3mico local (DEL) dentro de sus municipios miembros y un conjunto de municipios donde se desarrollan programas de demostraci\u00f3n.<\/p>\n<p>Un grupo de municipios de Santa Cruz y de Cochabamba, junto con otras instituciones, se organizan para la ejecuci\u00f3n de iniciativas de demostraci\u00f3n del desarrollo local inclusivo y\u00a0 facilitar la participaci\u00f3n de los destinatarios del desarrollo y su difusi\u00f3n con el prop\u00f3sito de su replica.<\/p>\n<p>Est\u00e1n conectados con el PMI-DEL involucrados claves del programa: AGL, GL, \u00a0instituciones p\u00fablicas, COCAB, donantes, socios de Canad\u00e1, y otros proyectos relevantes, tanto a nivel de financiaci\u00f3n como a nivel operativo en los territorios, bajo el modelo de consenso, alianza y complementariedad.<\/p>\n<p>Para la fluidez de las comunicaciones y para que \u00e9stas sean constantes y \u00fatiles para la toma de decisiones y para discutir el rumbo del programa, el Programa se valdr\u00e1 de aportes en herramientas y conocimientos del <a href=\"http:\/\/cebem.org\">CEBEM<\/a>\u00a0 y del SAM.<\/p>\n","protected":false},"excerpt":{"rendered":"<p>Un conjunto de instituciones, como contraparte en Bolivia de la Federaci\u00f3n Canadiense de Municipalidades (FCM), colaboran al fomento de la\u00a0\u201cprosperidad econ\u00f3mica\u201d en el \u00e1mbito local y al continuo fortalecimiento de las capacidades del Sistema Asociativo Municipal (SAM). Conforman el el PMI &#8211; DEL la Federaci\u00f3n de Asociaciones Departamentales de Bolivia (FAM) y las Asociaciones Departamentales [&hellip;]<\/p>\n","protected":false},"author":5,"featured_media":0,"parent":0,"menu_order":2,"comment_status":"closed","ping_status":"closed","template":"","meta":[],"jetpack_sharing_enabled":true,"jetpack_shortlink":"https:\/\/wp.me\/P9d00R-9","_links":{"self":[{"href":"https:\/\/pmi-del.cebem.org\/index.php?rest_route=\/wp\/v2\/pages\/9"}],"collection":[{"href":"https:\/\/pmi-del.cebem.org\/index.php?rest_route=\/wp\/v2\/pages"}],"about":[{"href":"https:\/\/pmi-del.cebem.org\/index.php?rest_route=\/wp\/v2\/types\/page"}],"author":[{"embeddable":true,"href":"https:\/\/pmi-del.cebem.org\/index.php?rest_route=\/wp\/v2\/users\/5"}],"replies":[{"embeddable":true,"href":"https:\/\/pmi-del.cebem.org\/index.php?rest_route=%2Fwp%2Fv2%2Fcomments&post=9"}],"version-history":[{"count":11,"href":"https:\/\/pmi-del.cebem.org\/index.php?rest_route=\/wp\/v2\/pages\/9\/revisions"}],"predecessor-version":[{"id":681,"href":"https:\/\/pmi-del.cebem.org\/index.php?rest_route=\/wp\/v2\/pages\/9\/revisions\/681"}],"wp:attachment":[{"href":"https:\/\/pmi-del.cebem.org\/index.php?rest_route=%2Fwp%2Fv2%2Fmedia&parent=9"}],"curies":[{"name":"wp","href":"https:\/\/api.w.org\/{rel}","templated":true}]}}