{"id":67,"date":"2017-09-13T11:52:13","date_gmt":"2017-09-13T15:52:13","guid":{"rendered":"http:\/\/pmi-del.cebem.org\/?page_id=67"},"modified":"2017-10-02T18:36:17","modified_gmt":"2017-10-02T22:36:17","slug":"planificacion-general-4","status":"publish","type":"page","link":"https:\/\/pmi-del.cebem.org\/?page_id=67","title":{"rendered":"Planificaci\u00f3n"},"content":{"rendered":"<h2>El Proyecto tiene un plan de cinco a\u00f1os<\/h2>\n<p>\u00bb\u00a0PMI-DEL es un programa de fortalecimiento de capacidades dentro el contexto del Asociativismo Municipal de Bolivia, concentr\u00e1ndose en los cinco a\u00f1os en las tem\u00e1ticas de \u201cEntornos Propicios\u201d y \u201cDEL Inclusivo\u201d, consistente en las siguientes etapas:<\/p>\n<p>En la etapa de arranque, que comienza con la firma del Acuerdo de Contribuci\u00f3n el 20 de enero de 2016 y dura aproximadamente 6 meses, la FCM realiz\u00f3 un pre el taller con diferentes organizaciones de Bolivia como inicio para obtener insumos que alimenten el dise\u00f1o PMI-DEL, se investig\u00f3 sobre los requisitos operacionales y se emprendi\u00f3 la contrataci\u00f3n del personal para oficinas regionales, \u00a0como es el caso del Coordinador Regional para Am\u00e9rica Latina (Nicaragua y Bolivia), un equipo de especialistas realiz\u00f3 una serie de evaluaciones t\u00e9cnicas de necesidades y prioridades y se prepar\u00f3 un plan para la etapa de realizaci\u00f3n de 4.5 a\u00f1o que consider\u00f3 la informaci\u00f3n y datos disponibles.<\/p>\n<p>La primera etapa del Programa PMI-DEL de cinco a\u00f1os, a partir de la firma del primer Acuerdo de Partenariado, consiste en actividades de planificaci\u00f3n para la elaboraci\u00f3n del Plan de Implementaci\u00f3n del Programa (PIP). La FCM, SAM y CEBEM intercambiaron conocimiento e informaci\u00f3n y ejecutaron un taller de inducci\u00f3n sobre el PMI-DEL con actores claves de la sociedad civil, obteniendo insumos para la elaboraci\u00f3n del PIP.. <a href=\"https:\/\/pmi-del.cebem.org\/?page_id=169\">Ver el documento completo<\/a><\/p>\n","protected":false},"excerpt":{"rendered":"<p>El Proyecto tiene un plan de cinco a\u00f1os \u00bb\u00a0PMI-DEL es un programa de fortalecimiento de capacidades dentro el contexto del Asociativismo Municipal de Bolivia, concentr\u00e1ndose en los cinco a\u00f1os en las tem\u00e1ticas de \u201cEntornos Propicios\u201d y \u201cDEL Inclusivo\u201d, consistente en las siguientes etapas: En la etapa de arranque, que comienza con la firma del Acuerdo [&hellip;]<\/p>\n","protected":false},"author":2,"featured_media":0,"parent":0,"menu_order":4,"comment_status":"closed","ping_status":"closed","template":"","meta":[],"jetpack_sharing_enabled":true,"jetpack_shortlink":"https:\/\/wp.me\/P9d00R-15","_links":{"self":[{"href":"https:\/\/pmi-del.cebem.org\/index.php?rest_route=\/wp\/v2\/pages\/67"}],"collection":[{"href":"https:\/\/pmi-del.cebem.org\/index.php?rest_route=\/wp\/v2\/pages"}],"about":[{"href":"https:\/\/pmi-del.cebem.org\/index.php?rest_route=\/wp\/v2\/types\/page"}],"author":[{"embeddable":true,"href":"https:\/\/pmi-del.cebem.org\/index.php?rest_route=\/wp\/v2\/users\/2"}],"replies":[{"embeddable":true,"href":"https:\/\/pmi-del.cebem.org\/index.php?rest_route=%2Fwp%2Fv2%2Fcomments&post=67"}],"version-history":[{"count":6,"href":"https:\/\/pmi-del.cebem.org\/index.php?rest_route=\/wp\/v2\/pages\/67\/revisions"}],"predecessor-version":[{"id":373,"href":"https:\/\/pmi-del.cebem.org\/index.php?rest_route=\/wp\/v2\/pages\/67\/revisions\/373"}],"wp:attachment":[{"href":"https:\/\/pmi-del.cebem.org\/index.php?rest_route=%2Fwp%2Fv2%2Fmedia&parent=67"}],"curies":[{"name":"wp","href":"https:\/\/api.w.org\/{rel}","templated":true}]}}

Planificación

<h2>El Proyecto tiene un plan de cinco años</h2>
<p>» PMI-DEL es un programa de fortalecimiento de capacidades dentro el contexto del Asociativismo Municipal de Bolivia, concentrándose en los cinco años en las temáticas de “Entornos Propicios” y “DEL Inclusivo”, consistente en las siguientes etapas:</p>
<p>En la etapa de arranque, que comienza con la firma del Acuerdo de Contribución el 20 de enero de 2016 y dura aproximadamente 6 meses, la FCM realizó un pre el taller con diferentes organizaciones de Bolivia como inicio para obtener insumos que alimenten el diseño PMI-DEL, se investigó sobre los requisitos operacionales y se emprendió la contratación del personal para oficinas regionales,  como es el caso del Coordinador Regional para América Latina (Nicaragua y Bolivia), un equipo de especialistas realizó una serie de evaluaciones técnicas de necesidades y prioridades y se preparó un plan para la etapa de realización de 4.5 año que consideró la información y datos disponibles.</p>
<p>La primera etapa del Programa PMI-DEL de cinco años, a partir de la firma del primer Acuerdo de Partenariado, consiste en actividades de planificación para la elaboración del Plan de Implementación del Programa (PIP). La FCM, SAM y CEBEM intercambiaron conocimiento e información y ejecutaron un taller de inducción sobre el PMI-DEL con actores claves de la sociedad civil, obteniendo insumos para la elaboración del PIP.. <a href="https://pmi-del.cebem.org/?page_id=169">Ver el documento completo</a></p>

<p>El Proyecto tiene un plan de cinco años » PMI-DEL es un programa de fortalecimiento de capacidades dentro el contexto del Asociativismo Municipal de Bolivia, concentrándose en los cinco años en las temáticas de “Entornos Propicios” y “DEL Inclusivo”, consistente en las siguientes etapas: En la etapa de arranque, que comienza con la firma del Acuerdo [&hellip;]</p>
